6)/i*15/10 is divided by k.
12
Let x(v) = 157*v + 2725. Calculate the remainder when x(-11) is divided by 131.
81
Let g be 3*2/4 - (-37)/74. Suppose -g*o - 633 = 1327. Calculate the remainder when 49 is divided by (-3)/2*(o/21)/7.
9
Suppose -11*o + 204 = o. Suppose 13*j + 7*j - 1094 = -194. Calculate the remainder when j is divided by o.
11
Let x be (-36)/(-10)*260/39. Suppose -t + 20 = -0*t. What is the remainder when x/(-3) + 6 + 40 is divided by t?
18
Suppose -x - 2728 = s - 5*s, -3*x - 1364 = -2*s. Calculate the remainder when s is divided by ((-38)/5)/(10 + 1224/240*-2).
36
Let w(v) = v**3 + 14*v**2 + 9*v + 64. Let z be w(-9). Let y = z - 381. What is the remainder when 138 is divided by y?
5
Let n(w) = w**2 + 19*w + 78. Let b be n(-6). Suppose -s + 16 = 4*f, b = 4*s - f - 4*f - 127. Calculate the remainder when 2/(-2) + -1 - -139 is divided by s.
25
Let z(s) be the second derivative of s**4/12 + 2*s**3 + 15*s**2/2 + 10*s. Let q be z(-12). What is the remainder when 19 is divided by q - 5/10*8?
8
Let q(j) = 2*j**2 - 3*j + 2. Let c be q(2). Suppose 12 = 3*p, c*p = -5*z + p + 417. Let y = z + -54. What is the remainder when y is divided by 6?
3
What is the remainder when 1843 is divided by ((-33)/(-9))/(-10 + 964/96)?
83
Calculate the remainder when 9/(-24) + ((-8035)/(-8))/1 is divided by 12.
8
What is the remainder when 4/36 + (-3 - 368/(-9)) is divided by 16?
6
Suppose -875 = -23*b + 3886. Suppose -61*t + 70*t - b = 0. Calculate the remainder when 104 is divided by t.
12
Suppose 376*q - 16 = 380*q, -4*g = -4*q - 3796. What is the remainder when g is divided by 93?
15
Let n = -10670 + 10910. What is the remainder when 971 is divided by n?
11
Let r(o) = o**2 + 12*o - 107. Let m = -1 - -10. Let p = m + -8. Calculate the remainder when p is divided by r(6).
0
Suppose -5*r - 68*l + 375 = -63*l, 4*l - 225 = -3*r. Let s = r + 184. Suppose 0 = 4*m - 0*m - 116. What is the remainder when s is divided by m?
27
What is the remainder when 11 + (-2119)/195 + (-3)/((-180)/11452) is divided by 26?
9
Suppose 12*w - 26*w + 154 = 0. Suppose -w*x = -95 - 334. Calculate the remainder when 97 is divided by x.
19
Let m(g) = 5*g**3 - g**2 + 18*g - 12. Let z(s) = -8*s**3 + 4*s**2 - 35*s + 25. Let c(t) = 5*m(t) + 3*z(t). What is the remainder when c(3) is divided by 7?
4
Suppose 0 = -3*k + 5*k + u - 11, -3 = -3*u. Suppose 0 = m - k - 8. What is the remainder when 38 is divided by m?
12
Let h be 1 + -1 + 2 - 1885/(-145). Suppose 0 = -h*v - 13*v + 1932. What is the remainder when 201 is divided by v?
63
Suppose -133 = 21*x - 40*x. Calculate the remainder when 36 is divided by x.
1
Suppose 101*w = 60*w + 57*w - 215104. Calculate the remainder when w is divided by 249.
247
Suppose -2*v + 2256 = 4*v. Let l = v + -345. What is the remainder when 151 is divided by l?
27
Suppose -11 = n - 5*d + 1, -3*d = -3*n. Suppose 3*p + y - 98 = 0, -4*p = -n*p + 3*y - 38. What is the remainder when p is divided by (-23)/(-2) + 1/(-2)?
10
Let a(f) = -2*f + 23*f**3 + 18*f**3 + 1 - 4*f**3 - f**2. Suppose -1 = -152*p + 151*p. What is the remainder when 67 is divided by a(p)?
32
Let z(b) = -22*b**3 + 5*b**2 + 8*b + 8. Let r(f) = f**3 + 3*f**2 - 2. Let p be r(-3). Calculate the remainder when z(p) is divided by 21.
20
Suppose -84 = -3*r + 3*c, 241*r - 239*r = c + 59. Let s = 24 - 42. Calculate the remainder when (-538)/(-9) - 4/s is divided by r.
29
Let g = -706 - -1184. Let p = g + -322. Suppose -i = 5*i - p. What is the remainder when 100 is divided by i?
22
Suppose 0 = -4*x - i + 2*i + 283, 0 = 2*i - 10. Calculate the remainder when 333 is divided by x.
45
Calculate the remainder when -5 + 294/(-20)*8/(-12)*85 is divided by 38.
30
Let y = 1788 - 1768. What is the remainder when 59 + (-2)/(-7) + (-6)/21 is divided by y?
19
Calculate the remainder when 818 is divided by (-166)/(-3) + 2 + (-1200)/900.
34
Let u(j) = -j**2 - 5*j + 3. Let w be u(-5). Suppose -5*y = 2*p, -3*p - 13 = 4*y - w*y. Suppose -y*x + 3 = -17. Calculate the remainder when 17 is divided by x.
7
Suppose -734*r + 737*r = 5*m - 147, -2*r = 3*m - 111. What is the remainder when 296 is divided by m?
32
Suppose 22*u = -2*d + 26*u - 132, -2*u = 0. Calculate the remainder when (27 + -26)/((-134)/d + -2) is divided by 17.
16
Let b(z) = -22*z + 2. Let m(n) = 86*n + 803. Calculate the remainder when b(-5) is divided by m(-9).
25
What is the remainder when 526 is divided by 1/(((-278)/92 - -3)/((-36)/72))?
20
Let v(t) be the second derivative of -t**5/20 + t**4/2 - 13*t**3/6 + 41*t**2/2 - 16*t. What is the remainder when v(4) is divided by 6?
3
Suppose 0 = -3*v - 39 + 330. What is the remainder when 575 is divided by v?
90
Let z be -9*3*(-5 + 4). Let q(g) = g**3 - 28*g**2 + 28*g - 3. Calculate the remainder when 237 is divided by q(z).
21
What is the remainder when 1293 is divided by -2 + 12 + 2 + -1 + 51?
53
Let b be 70/4*(-104)/(-65). Suppose -b*x - 1397 + 22201 = 0. Calculate the remainder when x is divided by 83.
79
Let d = -3 + 7. Suppose d*p = 196 + 240. Calculate the remainder when p is divided by 7.
4
Suppose 0 = 15*b - 7*b - 32. Suppose 15 + 61 = 5*r + 2*x, -b*r = -x - 53. What is the remainder when 95 is divided by r?
11
Let t(z) = -z**3 + 2*z**2 + 5*z + 4. What is the remainder when (-3)/20 - (-4891777)/8780 is divided by t(-4)?
77
Suppose -7*f + 11*f = 112. Let g be (-160)/f*(-7)/2. Calculate the remainder when 1/(4/g + (-68)/390) is divided by 8.
7
Let q be (2/(4 + -3))/((-6)/564). Let y = 194 + q. What is the remainder when 47 is divided by y?
5
Let r be 2/5 + (-91)/(-35). Suppose -116 + 35 = -r*s. Calculate the remainder when 52 is divided by s.
25
Let w(v) = 3*v**2 - 1. Let x(a) = 11*a**2 - 4*a + 14. Let s(k) = -5*w(k) + x(k). What is the remainder when 49 is divided by s(0)?
11
Suppose -3*v + 40 = 4*i, -149*i + 147*i = -v - 10. Calculate the remainder when 112 is divided by i.
0
Suppose s + 4*g - 34 = 0, 5*s - 4*g - 136 = s. Suppose -4*h + h - 8 = -5*r, 0 = 3*r + 3*h. Calculate the remainder when (-8)/12*r + (-906)/(-9) is divided by s.
32
Let p(h) = 12*h**2 - 299*h + 62. Calculate the remainder when 1043 is divided by p(25).
86
Suppose 3*p - 127 = 95. Suppose n + 4*c - 354 = 778, -4*n = -3*c - 4414. What is the remainder when n is divided by p?
72
Suppose 2*y - 1071 = -3*q, -325 = -q - 26*y + 20*y. What is the remainder when q is divided by 151?
59
Let d = -31 - -149. Let b = d + -82. Let n(w) = 25*w**3 - 2*w**2 + w. What is the remainder when b is divided by n(1)?
12
Suppose 66*y + 27300 = 113496. What is the remainder when y is divided by 10?
6
Let j(a) = -53*a + 16*a**2 + 9*a**2 + 57 + a**3 + 29*a. Calculate the remainder when 74 is divided by j(-26).
4
Let c = 6 - -24. Suppose 0 = h - 3*y - 12, 40*y - 41*y - 46 = -5*h. What is the remainder when c is divided by h?
3
Suppose 5*k + 3*r - 3628 = -3286, -2*r = -k + 84. What is the remainder when 1640 is divided by k?
56
Let r(y) = -y**2 - 2*y + 4. Let x be r(-5). Let h(m) = -2*m + 2. Suppose 227*s - 222*s - 45 = 0. What is the remainder when h(x) is divided by s?
6
Suppose -41 = -5*t + 3*w - 5, -3*t + w + 24 = 0. What is the remainder when 141 is divided by t?
6
Let v be (-954)/(-42) - (-4)/14 - -3. Let r be 3 - (33/39 - (-4)/v). Calculate the remainder when (((-64)/(-6))/r)/((-4)/(-84)) is divided by 38.
36
Let r = 407 + -709. Let c = -148 - r. Calculate the remainder when c is divided by 71.
12
Let v = -72 + 76. Suppose 0 = v*k + 5*c - 108, -6*c = -4*c + 8. Calculate the remainder when k is divided by 12.
8
Let b = 454 + -201. Suppose 4*w + 59 = 315. What is the remainder when b is divided by w?
61
Let i(y) = -2*y - y**2 + 2*y + 2*y**2 + 2 + y. What is the remainder when 51/6 - 90/(-20) is divided by i(2)?
5
Let r = -244 + 249. Suppose 34*p - 29*p = r*c + 10, 2*c + 11 = 3*p. What is the remainder when 25 is divided by p?
4
Let x = 113 + -58. Suppose -x*z - 111 = -58*z. What is the remainder when 257 is divided by z?
35
Let u = 199 - 14. Suppose -3*o - 2*d - 13 = -120, -5*o - 5*d + u = 0. Calculate the remainder when -399*(-2)/6 - 2 is divided by o.
32
Suppose -3*b + 5*n = 3*n + 1115, 1865 = -5*b + 5*n. Let k = b + 386. Let x = 102 - 73. What is the remainder when x is divided by k?
12
Suppose -2*t - 12*t + 490 = 0. Let x(s) = -s**3 + 23*s**2 - 50*s + 7. Wha